{"id":56,"date":"2024-11-24T12:53:52","date_gmt":"2024-11-24T12:53:52","guid":{"rendered":"https:\/\/balbinazakopane.pl\/?page_id=56"},"modified":"2024-12-23T15:56:05","modified_gmt":"2024-12-23T15:56:05","slug":"cennik","status":"publish","type":"page","link":"https:\/\/balbinazakopane.pl\/index.php\/cennik\/","title":{"rendered":"Cennik"},"content":{"rendered":"\n<p>Cena od <strong>70 <\/strong>do <strong>150 <\/strong>PLN od osoby za dob\u0119 (w zale\u017cno\u015bci od d\u0142ugo\u015bci rezerwacji i liczby os\u00f3b w pokoju\/apartamencie).<\/p>\n\n\n\n<p>Minimalna d\u0142ugo\u015b\u0107 rezerwacji: <strong>2 doby<\/strong><\/p>\n\n\n\n<p><\/p>\n","protected":false},"excerpt":{"rendered":"<p>Cena od 70 do 150 PLN od osoby za dob\u0119 (w zale\u017cno\u015bci od d\u0142ugo\u015bci rezerwacji i liczby os\u00f3b w pokoju\/apartamencie). Minimalna d\u0142ugo\u015b\u0107 rezerwacji: 2 doby<\/p>\n","protected":false},"author":1,"featured_media":0,"parent":0,"menu_order":0,"comment_status":"closed","ping_status":"closed","template":"","meta":{"footnotes":""},"class_list":["post-56","page","type-page","status-publish","hentry"],"_links":{"self":[{"href":"https:\/\/balbinazakopane.pl\/index.php\/wp-json\/wp\/v2\/pages\/56","targetHints":{"allow":["GET"]}}],"collection":[{"href":"https:\/\/balbinazakopane.pl\/index.php\/wp-json\/wp\/v2\/pages"}],"about":[{"href":"https:\/\/balbinazakopane.pl\/index.php\/wp-json\/wp\/v2\/types\/page"}],"author":[{"embeddable":true,"href":"https:\/\/balbinazakopane.pl\/index.php\/wp-json\/wp\/v2\/users\/1"}],"replies":[{"embeddable":true,"href":"https:\/\/balbinazakopane.pl\/index.php\/wp-json\/wp\/v2\/comments?post=56"}],"version-history":[{"count":5,"href":"https:\/\/balbinazakopane.pl\/index.php\/wp-json\/wp\/v2\/pages\/56\/revisions"}],"predecessor-version":[{"id":333,"href":"https:\/\/balbinazakopane.pl\/index.php\/wp-json\/wp\/v2\/pages\/56\/revisions\/333"}],"wp:attachment":[{"href":"https:\/\/balbinazakopane.pl\/index.php\/wp-json\/wp\/v2\/media?parent=56"}],"curies":[{"name":"wp","href":"https:\/\/api.w.org\/{rel}","templated":true}]}}